-266*f + 12. Let s be u(-6). Let j = s + -448. Let l = j - 619. Is l composite?
False
Let r(k) = k**3 - 9*k**2 - 11*k - 5. Let l be r(10). Let b = -15 - -157. Let v = b + l. Is v composite?
False
Let o be (-3)/((-4)/((-536)/(-3))). Let b be 1/((-42)/(-8424)) + (-6)/(-14). Suppose 3*a - 5*l = b, l + 3*l = -2*a + o. Is a a prime number?
True
Let w = -62 + 124. Let s = w + 189. Is s a prime number?
True
Let t(x) = x**3 - x**2 + 35797. Is t(0) a prime number?
True
Let u(t) = t**3 + 2*t**2 - 2*t. Let z(k) = -2*k**3 - 4*k**2 + 5*k + 1. Suppose -4*m = -2*m + 10. Let i(s) = m*u(s) - 2*z(s). Is i(-3) a composite number?
False
Suppose -3*m + 4*r = -166939, -6*r = -2*m - 2*r + 111290. Is m composite?
True
Suppose -15*d + 19*d = 8432. Let s = d + -1255. Is s prime?
True
Suppose 5*j + 50 = 3*a, -2*a + 19 = -a - 4*j. Suppose 18*z - 8847 = a*z. Is z a composite number?
True
Let d be (4/14 + 16/(-7))*4. Let s = 257 + d. Is s a composite number?
True
Let b(n) = n**3 + 14*n**2 + 8*n - 43. Is b(14) composite?
False
Suppose 183144 = 11*a - 41597. Is a prime?
True
Let g(m) be the third derivative of -m**8/6720 + m**7/360 - m**6/180 + m**5/120 - m**4/6 + m**2. Let j(n) be the second derivative of g(n). Is j(5) composite?
False
Is (-13 - -6 - -6)*-18035 a prime number?
False
Suppose -17 = -4*l + 3. Suppose -g - 193 = -4*v, -l*v + 5*g + 222 = -8. Is v a composite number?
True
Let k be (-2)/(-9) + 64/36. Suppose -3*b = 4*j - 0*b - 502, -b = k*j - 252. Is j prime?
True
Suppose -41 = -5*q + 9. Suppose 4*h = 4*u + 8, -2*h - 3*u = -h - q. Suppose h*c + 0*c = 452. Is c composite?
False
Let x(u) = -6*u - 31. Let f be x(-6). Suppose 0 = f*i - 6133 - 4762. Is i prime?
True
Let x be (3/2)/(2/424). Suppose -f + x = 47. Is f a composite number?
False
Let f be (-2565)/(-18)*4/3. Let b = f + -77. Is b prime?
True
Let k be ((-3)/(-2) - 1) + (-9)/(-2). Let c(f) = 17*f**2 - 3*f + 3. Let l be c(-9). Suppose -k*d = -2*d - l. Is d composite?
True
Let u be (-3)/(-12)*2*0. Suppose u = -3*d - d + 6612. Suppose -2*x + d = 4*b + b, 2*b = 4*x + 642. Is b composite?
True
Suppose 43*r = -4*r + 664721. Is r prime?
True
Suppose 0 = 2*n - 4*n + i + 983, -i = -5. Let m(x) = 27*x. Let g be m(9). Let f = n - g. Is f composite?
False
Suppose 2*c = 3963 - 1333. Is c a prime number?
False
Suppose q - 5*z - 16 = -0*z, 0 = -5*z. Let i be 45/(-18)*q/(-10). Suppose i*v + v - 655 = 0. Is v a composite number?
False
Suppose 54*z - 29319 - 124635 = 0. Is z a prime number?
True
Suppose -b + 5 = -4. Let q be (-3)/b - 1496/(-6). Suppose -q = -5*l + 2*l. Is l prime?
True
Let l be 2*-1 - (4 + -5). Is (738 - l)/(1/1) a prime number?
True
Let o(l) = 15855*l + 680. Is o(5) prime?
False
Let l be (-6)/(-10)*(-5)/(-1). Suppose -7*j + 12 = -l*j + 4*d, j - 5*d - 3 = 0. Suppose b + j*h = 112, -5*h = b + b - 223. Is b prime?
True
Is -6 - ((0 - -4) + -2459) composite?
True
Let l(d) = d**2 + 2*d + 1. Let p be l(-2). Let u be -3 - (-515 - (p + 1)). Suppose s - 165 = u. Is s prime?
False
Suppose -h - 4*h = 0. Suppose -5*j - 74 + 3709 = h. Let u = j - 354. Is u a composite number?
False
Let l be (0 + 8)/(6/144). Suppose -4*n - l + 1828 = 0. Is n prime?
True
Is (85/15 - 10)/((-1)/1149) a composite number?
True
Let k = -307 - -1443. Suppose 4*u = 2*u + k. Suppose 5*w + u = 1583. Is w a prime number?
False
Suppose -n = 4*n - 15. Suppose -5*m = -n*m. Suppose m = -5*z + 256 + 19. Is z a prime number?
False
Let z = 20867 + -10288. Is z a prime number?
False
Let m(z) = 5 + 14 - 51*z - 4*z + z. Is m(-12) a composite number?
True
Let y(f) = f + 7. Let g be y(-5). Suppose 9 = g*a + a. Suppose a*p - 80 = 2*d, -3*d + 58 = 3*p - 17. Is p a composite number?
True
Suppose 18 = -5*q + 7*q. Let h(p) = -p + 9. Let t be h(q). Suppose t = -3*z + 10 + 437. Is z a prime number?
True
Let k = 21 - 39. Let t = k - -21. Suppose -2*h = -4*v + 484, 176 = -t*v + 2*h + 541. Is v a prime number?
False
Let k(v) = v**3 - 8*v**2 - 6*v + 10. Let h be k(7). Is 4/18 - 214389/h composite?
False
Let d = 13 + 2. Suppose 4*a - 13 - d = 0. Is (-116)/16*a*-4 a composite number?
True
Suppose 41889 = 842*z - 839*z. Is z a prime number?
True
Let y be (-24972)/(-10) - 19/95. Suppose 3*i + y = -q, -2*q + 6 = 2. Let b = i + 1420. Is b prime?
True
Suppose 3*w - 2*w + 5 = 0, -4*c + 3*w = -47. Suppose 3*l - 4*f = -c, 0 = 3*l + 3*f - 25 - 2. Let d = l + 15. Is d prime?
True
Let t = 189 + 584. Suppose -4*x - 522 = -2*g, 3*x + x + t = 3*g. Is g prime?
True
Let y be 2 - 5/((-5)/4). Suppose -11*g + 2335 = -y*g. Is g a prime number?
True
Let k(z) = 10839*z**2 - 6*z - 2. Is k(1) prime?
True
Let m be 2 + 0 + -2 - -2. Suppose 5*h - 883 = -f + 5*f, -4*f = -m*h + 346. Is h composite?
False
Suppose 0 = 5*x - 179 - 471. Suppose -m - 307 = x. Let g = 68 - m. Is g prime?
False
Let y(i) = 2388*i**3 + 5*i - 3. Is y(2) a prime number?
False
Let w = -849 + 11662. Is w prime?
False
Let q = 9 - 15. Let h be (q/4)/(15/(-40)). Suppose -h*i + 641 = -875. Is i composite?
False
Suppose -4*t - p = 3*p - 1896, -t - 5*p + 462 = 0. Let s be -2*(1 + t/(-6)). Is (s/2)/((-1)/(-2)) a prime number?
True
Let d(x) = x**3 - 13*x**2 + 18*x - 8. Let r be d(12). Is r + 9/(-6)*-2 composite?
False
Suppose 2*n - 14322 = -5*x, 41*n - 46*n = -x + 2886. Is x a composite number?
True
Let i(c) = 2619*c + 58. Is i(11) prime?
True
Let w = -14 - -17. Suppose x - 3460 = -w*x. Is x a composite number?
True
Suppose 0 = 35*l - 30*l - 20. Suppose -2*y = z - 540 - 530, l*z = -y + 521. Is y composite?
True
Let h be (-7)/(-28) + 33/12. Suppose 0 = 3*u + c - 523, -4*u + 171 = -h*u + c. Suppose -5*l + k + 228 = -0*k, 4*l = 4*k + u. Is l a prime number?
False
Suppose 3*c - 340 = -o - 102, -4*c - 476 = -2*o. Suppose -1892 + 276 = -4*v + 3*y, y + 1207 = 3*v. Let w = v - o. Is w prime?
True
Let h be (-1)/(-2) - 4137/(-42). Let c be -2*((-5)/2 + 0). Suppose -165 = -c*k - 2*j - j, h = 3*k + 3*j. Is k composite?
True
Is -1*178/(-8)*(-24852)/(-57) prime?
False
Suppose -s + 6*s - 412 = -2*h, -3*h = s - 631. Suppose -6*d + h = -5*d. Is d composite?
False
Suppose -5*r + 2*r + 5*m = 17, -15 = -3*r - 3*m. Let n be 0*r/(-3)*3. Is 1*205 - n/4 a composite number?
True
Let l be -7 - -8 - (5 - -1). Let o be (11 + l)*202/4. Is -3*(o/(-9) - -2) a prime number?
False
Suppose 4*k - 128350 = -3*z, 4*z + 64176 = 2*k + 5*z. Is k a composite number?
False
Suppose 3*r = 2*l + 56488, -4*r + 5*l - 7*l = -75294. Is r prime?
False
Let b(f) = 48*f + 6. Suppose 16 = 5*d + 1. Let q be b(d). Suppose -4*h + 10*h - q = 0. Is h composite?
True
Suppose 0 = -5*z + 2*z + 18. Suppose -3*d - z*s + s + 2 = 0, -s = -3*d + 14. Suppose 0 = x - 3*a - 0*a - 316, -5*x = d*a - 1523. Is x a composite number?
False
Let i = 17 - -15. Suppose -i*v + 24*v = -12984. Is v prime?
False
Let v(m) = -14*m - 1. Suppose -20*n - 20 = -15*n. Let g be -10*(-2)/n - 1. Is v(g) a composite number?
False
Let r(p) = -p**2 + 7*p - 10. Let b be r(6). Let q(u) = 10*u**2 - 7*u - 9. Is q(b) composite?
False
Suppose 8*x - 6*x = 0. Let i be (0 + x)*(-2)/(-4). Suppose 3*v = i, -148 = 4*h - 5*v - 1016. Is h composite?
True
Suppose 699631 = 111*j - 499058. Is j composite?
False
Let p be 1866/(-5)*30/(-9). Let o = -2182 + p. Let d = 1347 + o. Is d a prime number?
True
Let d(t) = 62*t + 13997. Is d(0) composite?
False
Let q(l) = 54*l**2 - 4*l + 3. Let x(o) = o**3 + o**2 + 7. Let m be x(-3). Let u(j) = j**2 + 10*j - 9. Let i be u(m). Is q(i) a composite number?
False
Suppose 0 = 25*b - 94407 - 295468. Is b a composite number?
True
Let y(h) = 213*h**2 + 3. Suppose -2*d - 2 = 4. Let v be y(d). Suppose 5*l - 2396 = -m, -l - v = -5*l - 4*m. Is l composite?
False
Let b(q) = -q**3 + 8*q**2 - q + 6. Let u = -9 - -17. Let j be b(u). Is (j + 4)/((-1)/(-3)) prime?
False
Let w = -20 + 43. Is w a composite number?
False
Is (8 + -8)/1 - -3062 composite?
True
Let t be 22/(-33) + (-41)/(-3). Suppose -5 - 7 = 2*p + 3*m, -p - t = 5*m. Is 2313/6*(-2)/p a prime number?
True
Suppose 70*h - 1282 = 68*h - 4*s, 3*s = 0. Is h a prime number?
True
Suppose 50*z - 31886 = 48*z. Is z composite?
True
Let y = 1020 + -466. Is y a prime number?
False
Let w = 556 + 227. Suppose 5*m + 3*j - 1883 = 0, 2*m + 4*j - w + 41 = 0. Is m a prime number?
True
Let i(q) = -q**3 - q**2 + q + 1. Let v be i(0). Let r be (3 - v)/(10/(-45)). Is 3/r - 112/(-3) prime?
Tru